44455733?
False
Does 373 divide 16489211?
True
Does 316 divide 213734816?
True
Does 7 divide 104543278?
True
Is 2599553267 a multiple of 2184?
False
Is 3469305301 a multiple of 8393?
True
Does 2548 divide 126179508?
True
Is 3 a factor of 2216724?
True
Is 102 a factor of 42147455?
False
Does 1697 divide 109364594?
False
Does 3 divide 799491?
True
Is 763223956 a multiple of 77?
False
Is 6090564032 a multiple of 43?
True
Does 5 divide 5333698?
False
Is 944 a factor of 547849290?
False
Is 51 a factor of 6807225?
True
Is 1734 a factor of 139037322?
True
Is 37253249 a multiple of 34?
False
Is 39538650 a multiple of 75?
True
Does 8 divide 6432156?
False
Is 7236864 a multiple of 235?
False
Does 23 divide 771160261?
True
Is 115387574 a multiple of 3958?
True
Is 1868624576 a multiple of 224?
True
Is 3 a factor of 37071181?
False
Does 101 divide 30912440?
False
Does 449 divide 3708740?
True
Is 2395 a factor of 755445270?
True
Is 22 a factor of 7428146?
True
Does 109 divide 145512182?
False
Is 364 a factor of 1097981976?
True
Does 1536 divide 15284567?
False
Is 1139317982 a multiple of 140?
False
Does 375 divide 546498146?
False
Is 3622 a factor of 39000464?
False
Is 128 a factor of 115971712?
True
Is 21 a factor of 68409603?
False
Does 3 divide 17336462?
False
Does 425 divide 40686100?
True
Is 21 a factor of 242281242?
True
Is 812189124 a multiple of 76?
True
Is 444 a factor of 1519617127?
False
Is 50633102 a multiple of 12?
False
Is 195 a factor of 10626031?
False
Is 82 a factor of 434362200?
True
Does 7074 divide 175845492?
True
Does 332 divide 15290143?
False
Is 1371749 a multiple of 357?
False
Does 409 divide 3200583906?
False
Does 59 divide 631908467?
True
Is 17706049 a multiple of 50?
False
Does 493 divide 263637327?
False
Is 19248236 a multiple of 98?
False
Is 3 a factor of 34661535?
True
Is 497 a factor of 278281961?
False
Does 6277 divide 314061138?
False
Does 109 divide 274560209?
True
Is 177 a factor of 49296660?
False
Is 395070354 a multiple of 20?
False
Is 1501 a factor of 29863352?
False
Is 42857956 a multiple of 175?
False
Does 4563 divide 368001387?
True
Is 96 a factor of 60952512?
True
Is 12418434 a multiple of 63?
True
Is 18 a factor of 217109736?
True
Is 114270836 a multiple of 3412?
False
Is 136 a factor of 1557371500?
False
Is 445616994 a multiple of 436?
False
Is 167816515 a multiple of 3549?
False
Is 444420 a multiple of 135?
True
Is 103158900 a multiple of 2?
True
Is 1164 a factor of 8487888?
True
Is 5 a factor of 29598102?
False
Does 116 divide 13530820?
True
Is 728 a factor of 65018408?
True
Does 93 divide 957743946?
True
Is 16295424 a multiple of 134?
False
Is 446 a factor of 11451050?
True
Is 10 a factor of 18361832?
False
Is 6839168532 a multiple of 14?
True
Is 300314409 a multiple of 87?
False
Is 114992398 a multiple of 606?
False
Is 204 a factor of 8154354?
False
Is 593 a factor of 12430398?
False
Is 177 a factor of 13848617?
False
Is 32 a factor of 1233370880?
True
Is 201 a factor of 136870146?
True
Is 330 a factor of 15031718?
False
Does 271 divide 1613224789?
True
Is 5284 a factor of 40549416?
True
Is 575 a factor of 616937631?
False
Is 5270 a factor of 7183194450?
True
Is 4621491 a multiple of 63?
True
Does 124 divide 211823496?
True
Does 21 divide 1327746?
True
Does 37 divide 278174928?
False
Is 212247728 a multiple of 1232?
True
Is 383 a factor of 79064605?
True
Does 188 divide 14484460?
True
Is 3740 a factor of 57356640?
True
Does 12894 divide 3263200626?
True
Is 36 a factor of 13264278?
False
Is 225 a factor of 72940725?
True
Is 157 a factor of 4446305312?
True
Is 36 a factor of 6666154?
False
Does 279 divide 111735938?
False
Is 8 a factor of 325269059?
False
Is 563313967 a multiple of 5188?
False
Is 75138456 a multiple of 2?
True
Is 1630164 a multiple of 183?
True
Is 83329142 a multiple of 12?
False
Does 10 divide 130590013?
False
Is 24404754 a multiple of 42?
False
Is 1052 a factor of 432936924?
True
Does 216 divide 529260912?
True
Is 202730770 a multiple of 11?
True
Does 4845 divide 93840196?
False
Is 123032273 a multiple of 7?
True
Is 187247890 a multiple of 21?
False
Is 138810285 a multiple of 13?
False
Is 56859827 a multiple of 47?
False
Is 212734840 a multiple of 1510?
True
Is 56 a factor of 725584544?
False
Is 38139888 a multiple of 69?
True
Does 33 divide 89235453?
False
Is 199264945 a multiple of 38?
False
Is 354604728 a multiple of 2364?
True
Is 2358155828 a multiple of 44?
False
Is 19281416 a multiple of 1843?
False
Does 273 divide 676721343?
False
Is 6 a factor of 28330404?
True
Is 29 a factor of 111039981?
False
Does 15 divide 312533595?
True
Is 16 a factor of 97683984?
True
Does 195 divide 122024671?
False
Does 1310 divide 179995454?
False
Does 2175 divide 174287100?
True
Is 285929259 a multiple of 147?
True
Is 36 a factor of 15785712?
True
Is 867 a factor of 936331052?
False
Is 158 a factor of 93719280?
True
Is 3 a factor of 752437164?
True
Is 2007 a factor of 58841446?
False
Does 148 divide 580144127?
False
Does 111 divide 33120513?
True
Does 29 divide 858376503?
False
Does 42 divide 1710692?
False
Is 11 a factor of 15528535?
True
Does 139 divide 1914289090?
False
Is 78 a factor of 1122480996?
True
Does 8 divide 66737090?
False
Is 90434886 a multiple of 1347?
True
Is 68 a factor of 679706842?
False
Is 1862141388 a multiple of 12?
True
Is 77 a factor of 52388334?
False
Is 20 a factor of 75391880?
True
Is 2454868 a multiple of 13?
True
Does 1300 divide 1154694967?
False
Is 917 a factor of 1666425110?
False
Is 2381 a factor of 23543328?
True
Is 60 a factor of 287030?
False
Does 373 divide 530920383?
False
Is 28 a factor of 29130612?
True
Does 14 divide 57499799?
False
Does 4 divide 39478378?
False
Is 110 a factor of 70699489?
False
Is 316518762 a multiple of 29?
False
Does 27 divide 261043992?
True
Is 1742151668 a multiple of 14?
False
Is 3 a factor of 16030335?
True
Is 20481912 a multiple of 66?
True
Does 641 divide 37538368?
False
Is 479 a factor of 2903344549?
False
Does 5 divide 219668282?
False
Is 35117126 a multiple of 84?
False
Does 31 divide 70119138?
False
Does 2 divide 63309244?
True
Does 659 divide 86395559?
True
Is 11 a factor of 3111562188?
False
Is 813334154 a multiple of 89?
True
Is 815372641 a multiple of 1018?
False
Is 113614970 a multiple of 1818?
False
Does 27 divide 3998705?
False
Does 34 divide 51830654?
True
Is 120 a factor of 30765000?
True
Does 13 divide 2545262759?
True
Is 25398058 a multiple of 49?
False
Does 29 divide 210697818?
True
Is 2939 a factor of 28683235?
False
Does 2493 divide 1068866299?
False
Does 10 divide 158362660?
True
Does 161 divide 9267965?
True
Is 13 a factor of 892609536?
True
Does 231 divide 279176667?
True
Is 191619229 a multiple of 675?
False
Is 9715530 a multiple of 33?
True
Is 3061 a factor of 33551823?
False
Is 27 a factor of 33385041?
True
Is 4591166712 a multiple of 713?
True
Is 2 a factor of 246839?
False
Is 14 a factor of 127890341?
False
Is 11 a factor of 230874457?
True
Does 18 divide 59949517?
False
Does 32 divide 3323616?
True
Is 94 a factor of 171734786?
False
Does 6 divide 315219952?
False
Does 15 divide 2227050896?
False
Is 25 a factor of 3380495?
False
Does 928 divide 30348921?
False
Does 25 divide 120207868?
False
Does 106 divide 28490163?
False
Is 272233152 a multiple of 1472?
True
Is 4079 a factor of 690806622?
False
Does 23 divide 10038879?
True
Is 157945475 a multiple of 1219?
False
Is 875 a factor of 45697516?
False
Is 5671842 a multiple of 1254?
True
Is 76 a factor of 837663640?
True
Does 9 divide 93459519?
True
Is 24364332 a multiple of 51?
True
Is 25 a factor of 77191025?
True
Is 35 a factor of 15708630?
True
Does 22 divide 146017916?
True
Does 932 divide 939179180?
False
Is 2705014896 a multiple of 46?
False
Is 8712687 a multiple of 653?
False
Is 820 a factor of 343652980?
True
Is 4329 a factor of 1815322860?
True
Is 48 a factor of 2529648?
True
Does 513 divide 318654567?
True
Is 8 a factor of 36763632?
True
Does 7 divide 13366986?
False
Is 15 a factor of 54164580?
True
Is 21 a factor of 57038898?
True
Does 1686 divide 1348561975?
False
Does 161 divide 102582599?
True
Is 739 a factor of 97993583?
False
Is 382742702 a multiple of 567?
False
Is 2152820 a multiple of 3?
False
Is 1736 a factor of 36417311?
False
Is 737370493 a 